
Suppose -39*z = -44*z + 2120. Suppose 8*u - z = 248. What is the tens digit of u?
8
Suppose -300 = 3*a + 3*n, -3*a - 92 = -2*a + 3*n. Let h be (-744)/22 - 6/33. Let y = h - a. What is the tens digit of y?
7
Let i = 12 + -4. Let y(x) = 10*x + 3 + 21 - 1 + i. What is the hundreds digit of y(10)?
1
Let u = -159 - -180. What is the tens digit of u/35*(1 + 4) - -215?
1
Let a(j) = 4*j**2 + 8*j - 7569. What is the ten thousands digit of a(-120)?
4
Suppose -9*v - 2*n = -5*v + 16, 5*v = n - 27. What is the units digit of (1/(-1) + 0)/(v/205)?
1
Suppose 0 = -8*c - 0*c + 3656. Suppose -5*n - c = -2277. What is the tens digit of n?
6
Let i = 54334 - 29606. What is the tens digit of i?
2
Suppose -10*j = -14*j + 16. Let t(y) = -20*y + 20. Let d be t(j). Let w = d + 122. What is the tens digit of w?
6
Suppose -k - 3*z - 26 = 0, 4*k + 12 + 17 = 3*z. Let i(s) = -s**2 - 12*s - 6. Let t be i(k). Let f(u) = 3*u**2 + 2*u - 8. What is the tens digit of f(t)?
7
Let w(d) = 47*d - 54. Let u be (29 + -21)*5/4. What is the tens digit of w(u)?
1
Suppose 2*i = -5*b - 2*i + 55, 2*b - 4*i - 22 = 0. Let x be 11/b*5*1*-31. Let k = 313 + x. What is the tens digit of k?
5
Let c(x) = -20*x**3 + x**2 + 3*x - 5. Let q be c(2). Let j = 79 - q. What is the tens digit of j?
3
Let x = 2712 + -1467. What is the units digit of x?
5
Let l be (4/8)/((-3)/(-270)). Let m be (4/6)/(-5*(-6)/l). What is the tens digit of (33 - m)/(-5 + 7)?
1
Let g(n) = n + 37. Suppose 0 = -5*b + 4*o, -3*o + 3 = -2*b - b. Suppose -b*y - 11 = 41. What is the tens digit of g(y)?
2
Suppose -4*p = -4*b - 92788, 854*b = -4*p + 855*b + 92773. What is the tens digit of p?
9
Let y(l) = 2*l**2 + 12*l + 4. Let j be y(-5). What is the tens digit of 552 - (16/j)/((-18)/27)?
4
Let a(q) = 3*q - 79 + 32 + 8*q**2 + 37. Let w be a(-6). Suppose 4*i - 336 = w. What is the tens digit of i?
4
Suppose 2*w = -0*w + 168. Let s = w - 14. Suppose 0 = 7*g - s - 511. What is the units digit of g?
3
Suppose 433 - 1864 = -9*r. Let d be (-3)/(-7) - r/(-21). What is the units digit of 1 - 166*(-4)/d?
4
Let b(q) = 3*q**2 - 9*q - 5. Let o(u) = 1. Let y(m) = b(m) + 3*o(m). Let g be y(7). What is the units digit of 2/(-3 + 250/g)?
1
Let k(o) = -2*o - 3. Let n be k(-3). Suppose 2*w - 58 = -n*b + 12, 0 = 4*w - 3*b - 176. Suppose 0 = u - 56 - w. What is the units digit of u?
7
Let k(c) = -3672*c + 42. Let t be k(11). What is the units digit of (3/(-5) - 1)/(60/t)?
6
Let s = 633 + -380. Suppose 0 = -2*g - 2*w + 6*w - 216, 4*w - 16 = 0. Let u = s + g. What is the units digit of u?
3
What is the units digit of ((-12788)/276)/(2/8)*-66?
2
Suppose 13 = -p + 15. Suppose 0 = -w - 4*h - p - 0, -5*w = -h - 11. Suppose -20 - 76 = -w*m. What is the units digit of m?
8
What is the hundreds digit of (-1007230)/(-105) - (-20)/45*3?
5
Let s(m) = -m**3 - 6*m**2 - m + 8. Let q be s(-6). Let l(f) = f**3 + 54*f**2 + f + 53. Let v be l(-54). What is the tens digit of v/7 + 1822/q?
3
What is the hundreds digit of -3 - 290/(-90) - 1550415/(-27)?
4
Suppose p - 632 = -3*p. Let l = 603 + -361. Let b = l - p. What is the tens digit of b?
8
Let m = -26180 + 37983. What is the thousands digit of m?
1
Let f = 1878 - -4874. What is the tens digit of f?
5
Let b(x) = -x**3 + x + 364. Let g be b(0). Let l(h) = 2*h**3 + 14*h**2 - 6*h - 24. Let r be l(-7). Suppose r*n - 22*n + g = 0. What is the tens digit of n?
9
Let h(w) = 230*w**2 + 8*w + 8. Let d be h(11). Suppose -53 = 19*t - d. What is the thousands digit of t?
1
Let l = 4699 - -3668. What is the units digit of l?
7
Suppose 0 = -4*t - 5*c + 80856, 50*t - 53*t + 60656 = 2*c. What is the hundreds digit of t?
2
Let j(t) = 3*t**2 + 28*t - 4. Let m be j(-9). Let d(q) = q**3 + 15*q**2 + 9*q - 17. What is the tens digit of d(m)?
0
Suppose -4*u - s - 1 = 0, -5*u = -4*s + s - 20. Let q be (-16)/(-12)*u*3. What is the tens digit of 1 + 94 - (4/(-1))/q?
9
Let u(j) = 2*j**3 - 3*j**2. Suppose 0*g - 2 = g + 4*x, 0 = 4*g + 3*x - 5. Let k be u(g). Suppose k*i - 3*i = 50. What is the tens digit of i?
5
Suppose 2977 = 55*p - 13523. What is the units digit of p?
0
Suppose -78690 = 66*s - 135*s + 54*s. What is the units digit of s?
6
Let d(o) = -29*o**2 + 37*o. Let u be d(-5). Let y = -622 - u. What is the tens digit of y?
8
Suppose -3*c - 5*h = -11, c - 5*c + 4*h + 36 = 0. Let n = c + -29. Let g = 0 - n. What is the tens digit of g?
2
Suppose -2030 - 13065 = -5*u. Suppose w + 3*t + 2038 = 3*w, -5*t = 3*w - u. What is the tens digit of w?
1
What is the thousands digit of 4/2*37*(-235)/(-10)?
1
Let c be (-6 + 7)*2 + -1918. What is the units digit of c/(-11) + (-14)/77?
4
Suppose 0 = 3*r - 10*r. Suppose -15*s - 8*s + 552 = r. What is the tens digit of s?
2
What is the tens digit of ((-41)/(-4))/(99/32868)?
0
Let w(n) = 38*n**2 + 26*n - 439. What is the tens digit of w(11)?
4
Let t(i) = -2*i**2 - 20*i + 3. Let k be t(-10). Suppose -5*w = 5*f - 580, 0 = -2*f + k*w + 39 + 168. What is the tens digit of f?
1
Let v(o) = 67*o - 1. Let l be (-16)/(-96) - (-51)/36*2. What is the hundreds digit of v(l)?
2
What is the hundreds digit of 4125/750*11164/22?
7
Let g(w) be the first derivative of -w**3/3 + 27*w**2/2 - 20*w + 9. Suppose -90 = z - 7*z. What is the units digit of g(z)?
0
Let o(k) be the third derivative of 5*k**3 + 0 + 7/12*k**4 + 0*k - 19*k**2 + 1/30*k**5. What is the units digit of o(-6)?
8
Suppose -25*u + 1260 - 4910 = 0. Let o = u - -155. What is the units digit of o?
9
Suppose -3*t + 3*w = -108, 2*t - 110 = -t + 4*w. Let h = t + -34. Suppose 4*c + h = -8, 5*c = 2*p - 422. What is the hundreds digit of p?
2
Let b(h) = -511*h - 7. What is the thousands digit of b(-6)?
3
Let l(w) = -223*w**3 + 6*w**2 + 15*w + 130. What is the tens digit of l(-6)?
2
Suppose 4*l + 2*c - 4*c = -62, -4*l + 4*c - 56 = 0. Let d = l + 47. What is the units digit of (d/8)/((-5)/(-260))?
5
Suppose 0 = 3*j - 8 - 1. What is the units digit of 801/j + (-4)/12*0?
7
Let r(t) = -t**3 + 62*t**2 + 148*t + 281. What is the tens digit of r(58)?
2
Suppose -6200 = -2*c - 9*r + 3*r, 4*r = -5*c + 15533. What is the hundreds digit of c?
1
Suppose 12 = -2*x + 38. What is the units digit of (4 - 2)/((78/1980)/x)?
0
Suppose -10 = 6*d - 8*d. Suppose -7*p = m - d*p - 274, 1148 = 4*m - 5*p. What is the tens digit of m?
8
Suppose -5*v - t + 46304 - 16533 = 0, -4*v - 5*t = -23800. What is the tens digit of 4/24 + v/18?
3
Let f(o) = -7*o**2 - 34*o - 30. Let u be f(-13). Let c = 569 - u. What is the tens digit of c?
4
Let c = 5352 + -378. What is the hundreds digit of c?
9
Let s(u) = 26*u**2 - 15*u + 7. Let k(d) = 25*d**2 - 15*d + 6. Let p(x) = 3*k(x) - 2*s(x). Let o be p(5). Suppose -o = -5*i + i. What is the units digit of i?
6
Let n(u) be the third derivative of -u**4/8 + u**3/3 - 14*u**2. Let i be n(1). What is the tens digit of i + (1 - 2 - 1)*-37?
7
Let k(h) = 3*h**2 + 18*h - 15. Let q be k(-13). Suppose 0 = -q*p + 261*p - 18. Suppose 5*n - 68 = -f, -3*f = n + f - p. What is the tens digit of n?
1
Let o = 19 - 28. Let y = o + 13. Suppose 4*u - l = 625, -5*u + 0*l + 797 = y*l. What is the tens digit of u?
5
Let z be -20*4/(-16) - 13. What is the thousands digit of 3*60/z*(10 + -72)?
1
Let k = 45 + 1376. What is the hundreds digit of k?
4
Suppose 2*p - 115*s - 18375 = -114*s, -3*p + 8*s + 27608 = 0. What is the thousands digit of p?
9
Let n = 34733 + -21531. What is the tens digit of n?
0
Let z = 193 + 208. Let x = -415 - -616. Let t = z - x. What is the tens digit of t?
0
Let w(c) = 83*c - 81. Let z be w(5). Let x = 499 - z. What is the tens digit of x?
6
Let h(v) = v**3 + 61*v**2 - 225*v + 134. What is the tens digit of h(-56)?
1
Let v(f) = -9*f - 17. Let o be v(-6). Let u be (o/(-2))/(1/2) - -1. Let h = 120 + u. What is the units digit of h?
4
Let i be 1 - (0 - (-2 - -3)). Let x be (-1)/(2/i*1 + 0). What is the units digit of x/3 + ((-3320)/(-12))/5?
5
What is the units digit of (20/80)/(1*(-3)/(-539508))?
9
Let u(o) = o**3 + 10*o**2 - 18*o + 35. Let t be u(-9). Suppose -508*n = -510*n + t. What is the tens digit of n?
3
Suppose 0 = 3*w - 2*m - 25, -2*w + 6*m = 2*m - 30. Let g be w/((-25)/(-15)) - (2 + -51). Suppose -g - 146 = -9*s. What is the tens digit of s?
2
Let z(b) = 94*b**2 - 75*b - 13. What is the ten thousands digit of z(15)?
2
Suppose 2*g - 10 = 5*x - 18, 4*g + 3*x + 16 = 0.